prime number?
False
Suppose 98898 = 29*i + 18800. Is i prime?
False
Let m(f) = -234*f - 37. Let x(g) = -467*g - 73. Let p(o) = 7*m(o) - 4*x(o). Let r be p(9). Suppose -19*v = -16*v - r. Is v a prime number?
True
Let v = -6392 + 22203. Is v a composite number?
True
Let q(r) = 5*r**2 + 37*r + 35. Let w be q(13). Let d(z) = -17*z**2 - 4. Let u be d(-4). Let x = w - u. Is x composite?
False
Let z(w) = -w**3 - 7*w**2 - 13*w - 11. Let u be z(-5). Suppose a + u*a = 4885. Is a composite?
False
Suppose 0 = -5*w + 4*w - 376. Let l(y) = y**3 + 9*y**2 + 9*y - 3. Let f be l(6). Let m = f + w. Is m a composite number?
True
Suppose -21 = -5*w + 3*d, -w - 9 = -3*w + d. Let x(r) = 3*r**3 - 14*r**2 - w - r - 7*r - 3 + 0*r. Is x(10) composite?
False
Suppose -4*c = -4*v + 114972, 0 = -3*v + 330*c - 335*c + 86213. Is v a prime number?
False
Let f be 10/(-25) - (-34)/10. Let k be -3 + (5 - 6)/((-2)/3826). Suppose l + k = f*l. Is l a prime number?
False
Let u(o) = -5*o**3 - 7*o**2 + o - 7. Let s be u(6). Suppose 0 = -5*d + h + 9602, -3*h + 244 = -5*d + 9850. Let k = s + d. Is k composite?
False
Let l(w) = -2102*w**2 + 189*w - 9. Let j(i) = 701*i**2 - 63*i + 3. Let t(q) = -11*j(q) - 4*l(q). Is t(4) prime?
True
Let d(o) = 10*o**3 + 28*o**2 - 74*o - 5. Is d(9) prime?
True
Let w(i) = 13*i**2 + 55*i - 74. Let g(r) = -4*r**2 - 18*r + 25. Let x(n) = -7*g(n) - 2*w(n). Is x(-21) a composite number?
True
Let y = -22378 + 43619. Is y prime?
False
Let j(o) = -4*o - 58. Let y be j(-16). Suppose -7*a - y*a + 145795 = 0. Suppose a = -6*s + 11*s. Is s prime?
True
Suppose -22 = -0*l - l. Let m(v) = 5 + 20*v**2 - l*v + 3 - v**3 - 21. Is m(18) composite?
False
Let t be (-28)/7 - 94*-2. Suppose p - 173 = t. Suppose 2*l + p = 5*l. Is l a composite number?
True
Let t(g) = 4*g**2 - 17*g + 48. Let b(k) = -5*k**2 + 18*k - 50. Let d(h) = 3*b(h) + 4*t(h). Let n = 20 + -39. Is d(n) prime?
False
Is 9/((-4)/(-8)*-3) + 90071 prime?
False
Suppose -3*z + 3*x + 9 = 0, 10*x = -4*z + 9*x + 12. Suppose 5*y - 30553 = z*b, -1 = b - 5. Is y prime?
True
Suppose -12*o + 12 = -36. Suppose 9*i - o*i - 1750 = 0. Suppose 7*p + 3*p - i = 0. Is p a prime number?
False
Let r(h) = -6*h + 132. Let w be r(23). Is (-8)/(-12)*-3*25869/w a prime number?
True
Let g = -836 - -335. Let u be 40/(-15)*g/2. Suppose -7*b + 2187 = u. Is b a composite number?
True
Let w = -7689 - -9845. Let u = 5084 + -3251. Let a = w + u. Is a composite?
False
Suppose -h - 3*s = -2759, 3*h + s - 8217 = 4*s. Let n = -947 + h. Is n prime?
False
Let y be -2 - (67 - -3)/(-5). Suppose 0 = y*o - 6195 + 35259. Let t = 2071 - o. Is t a prime number?
True
Let p(d) = 3*d**3 + d**2 + 2*d - 2. Let k be p(1). Suppose 0 = 3*f + 3*b - 4893, 435 = k*f - 4*b - 6089. Is f composite?
True
Let p(o) = -165*o - 31. Let d(v) = 2*v - 4. Let b be d(-3). Let z be p(b). Let l = -930 + z. Is l a prime number?
False
Let j(a) be the first derivative of 3561*a**4/2 - 2*a**3/3 + a**2/2 + 6. Suppose -7*w = -4*w + s, -11 = 4*w + 5*s. Is j(w) prime?
True
Suppose 0 = 3*y - 29 - 19. Is 4/y - 512863/(-52) prime?
False
Let h be (-3)/18 - (-28554713)/102. Is (-4)/10 - h/(-20) prime?
True
Suppose 22*w - 1416 = 2104. Is (-16)/(w/50) - (-13279 - 0) a composite number?
True
Let d(u) = 1 + 9*u + 20*u**2 + u**2 + 0*u**2 - 6*u**2. Suppose -2*t - 14 = 4*l + 8, -2*t = -4*l - 26. Is d(l) a prime number?
True
Let u(x) be the third derivative of -x**6/120 + 19*x**5/60 + x**4/24 + 4*x**3/3 - 50*x**2 + 7. Let w = 26 - 11. Is u(w) a prime number?
False
Suppose 91*f + 189754 = 125*f. Is f prime?
True
Suppose -8*d + 61 + 11 = 0. Suppose 5*m = -4*o + 2471, 5*o - 3*m + 2465 = d*o. Is o a prime number?
False
Suppose -3*n - 2*y = -7828, -2*y + 13052 = 10*n - 5*n. Suppose -6*v - n = -9*v + 5*l, -3*v - 5*l = -2602. Is v a composite number?
True
Suppose h - 13853 - 16353 + 3867 = 0. Is h a composite number?
False
Is 0 + (-2)/3 - (-10323845)/21 composite?
False
Let z = 43895 - 8064. Is z a prime number?
True
Let n be (710/(-4))/(1/2). Let k be 12 - 132/12 - -227. Let w = k - n. Is w a prime number?
False
Suppose 0 = 2*d - 11774 + 1752. Suppose 5*g - n = d, n = -4*g - 0*n + 4016. Is g a prime number?
False
Let r = -83672 + 191893. Is r composite?
True
Let u be (6/(-2) - 25) + 0. Let b = u + 28. Suppose 3*k - 5*k = -m + 631, -2*m - 4*k + 1230 = b. Is m a prime number?
False
Suppose 11 = y - 6. Suppose -28*i = -y*i - 127963. Is i a composite number?
False
Suppose 200*u + 2303217 + 4439726 = 39649143. Is u composite?
False
Let q be 3/(-4 + 1)*(-28105 - 3). Is -8 + q + 6 + -15 prime?
False
Suppose -2*h = -3*k + 222213, -4*k + 5*h - 4*h + 296284 = 0. Is k a prime number?
True
Suppose 0 = 11*g + 4*g - 183240. Let y = 18343 - g. Is y a prime number?
False
Let y(i) = -69*i + 534. Is y(-33) a prime number?
False
Let k(c) = 90*c**3 + 2*c**2 + c - 1. Let v be k(2). Let f = 1176 - v. Suppose 0*i = 3*i - f. Is i a prime number?
True
Suppose f - q - 146137 = 0, 408*f - 4*q = 407*f + 146125. Is f composite?
False
Let o = 31475 - -52292. Is o prime?
False
Let a = 254 + -153. Let o = a + 302. Suppose 6*s - s + 4*k - o = 0, -5*k = -10. Is s composite?
False
Suppose 5*l - 154 - 16 = 0. Suppose -2*j - l = -94. Suppose -j*n - 6297 = -33*n. Is n a prime number?
True
Suppose 0*v = 5*v - 2*a - 4423, 3536 = 4*v - 4*a. Let f(i) = i**3 + 20*i**2 - 11*i + 58. Let u be f(-15). Let q = u - v. Is q composite?
False
Let i = -34 + 18. Let d(y) be the second derivative of -26*y**3 - 43*y**2/2 - 6*y - 1. Is d(i) composite?
True
Let q = 50072 - 25791. Is q a composite number?
False
Let w be -2 + -6*2/(-2). Let i = -446 - -449. Suppose -2529 = -4*c + g + w*g, -1888 = -i*c - 5*g. Is c prime?
True
Suppose -w + 284591 = -n, -9*w + 5*w + 1138418 = 5*n. Is w a prime number?
False
Let g = -304 - -302. Is (22757/28)/((-2)/16*g) composite?
False
Let c be (1149 + 3)/3 + 5. Suppose 4*x - 359 - c = 0. Is x a composite number?
True
Let j(b) = -6*b**2 + 4*b - 16. Let n be j(7). Let u be n/(-5) + (-12)/(-20). Let t = 460 - u. Is t prime?
False
Suppose 34578 = 164*w - 167*w. Let o = 189 - w. Suppose 4*h = 5*v + o, h + 0*h - 2940 = -v. Is h a composite number?
True
Suppose -z + 55 = -6*z. Let d(c) = -40*c**2 + 8*c - 36. Let i be d(z). Is (i/2)/(6/(-3)) a composite number?
True
Is (35634/(-15) - -3)*(27 + -32) a composite number?
False
Let n(k) = 2688*k + 6 + 2 + 25 - 2615*k. Let z(j) = 2*j**3. Let l be z(2). Is n(l) a prime number?
True
Suppose 5*a - 5 = 5*f, 2 = -3*a + 2*f + 4. Let c be (-691)/1 - (1 - a). Let u = 1409 + c. Is u prime?
False
Suppose -1849234 = 29*m - 8564097. Is m a composite number?
False
Let p(n) = 196*n**2 - 4*n - 10. Let z be p(7). Suppose -3*d + z = -d. Is d composite?
False
Suppose 6*w = 5*w, -k - 2 = 4*w. Let v(b) = -520*b**3 + 8*b**2 + 9*b + 13. Is v(k) a prime number?
False
Let y be (-45)/(3 - 2/((-992)/(-1464))). Let c(x) = -364*x**3 - x**2 + 2*x - 1. Let d be c(-2). Let p = y + d. Is p composite?
False
Suppose -1387925 = -10*p - 3*x, 2*x - 416348 = -3*p + 7*x. Is p a composite number?
True
Suppose -5496 = 3*x + v, 3*v - 11122 = 5*x - 1962. Is (x/(-16))/(3/42) prime?
False
Let r(s) = 5*s**2 - 3*s + 17. Let m(i) = -6*i + 130. Let y be m(24). Is r(y) composite?
False
Suppose -3*h = -3*d - 15, 3*d + 2*h = 2*d + 1. Let v(x) = -55*x**3 + 4*x**2 + 8*x + 4. Is v(d) prime?
False
Suppose 5*c - 5*g - 4261010 = 0, -67*c + 68*c - 4*g = 852193. Is c prime?
False
Let q(u) be the second derivative of -u**5/20 + 4*u**4/3 - 4*u**3 + 27*u**2/2 + 8*u. Let b be q(12). Let a = b + -221. Is a a composite number?
True
Let r(w) = -12*w - 5. Let u(l) be the first derivative of l**2/2 + l - 5. Let h(x) = -r(x) + 5*u(x). Is h(8) a composite number?
True
Suppose 7*g = 8*g - 1740. Suppose -5*h - g = -4690. Suppose -h = -5*u + 345. Is u prime?
False
Let r = -20 - -25. Suppose -3*m = -r*m + 164. Is m*(-5)/10*-3 a composite number?
True
Let v = 1914 + -729. Let k = -885 - -888. Suppose p + k*p - 948 = -5*t, 0 = -5*p + 4*t + v. Is p a composite number?
True
Let c = 1246 + 846. Let u = c + 1305. Is u a prime number?
False
Is (-653875)/(-4) + 258/48*-2 + 11 a composite number?
False
Suppose k = c - 6, -3*c + 4*c - 3*k = 14. Suppose -4*h = c*l - 1918, -10*l = -5*l - h - 4839. Is l a prime number?
True
Let t(o) = 2*o**3 - 147*o**2 - 34*o + 104. Is t(75) a composite